{"id":2608,"date":"2024-04-06T11:46:45","date_gmt":"2024-04-06T11:46:45","guid":{"rendered":"https:\/\/farmacibela.com\/?post_type=product&#038;p=2608"},"modified":"2024-04-06T11:46:45","modified_gmt":"2024-04-06T11:46:45","slug":"enermag-700","status":"publish","type":"product","link":"https:\/\/farmacibela.com\/index.php\/product\/enermag-700\/","title":{"rendered":"Enermag 700"},"content":{"rendered":"","protected":false},"excerpt":{"rendered":"<h4>Enermag 700<\/h4>\n<p class=\"swift-in-viewport\">Enermag 700 \u00ebsht\u00eb nj\u00eb suplement i bazuar n\u00eb magnez, acid folik dhe vitamina B6, B12 dhe C t\u00eb cilat kontribuojn\u00eb n\u00eb reduktimin e lodhjes.<\/p>\n<p class=\"swift-in-viewport\"><strong>Karakteristikat kryesore<\/strong><\/p>\n<ul class=\"swift-in-viewport\">\n<li>P\u00ebrmban magnez dhe vitamina B1, B6, B12 dhe C t\u00eb cilat kontribuojn\u00eb n\u00eb metabolizmin normal t\u00eb energjis\u00eb<\/li>\n<li>Magnezi dhe kaliumi kontribuojn\u00eb n\u00eb funksionimin normal t\u00eb muskujve<\/li>\n<li>Magnezi, kaliumi dhe vitaminat B1, B6, B12 dhe C kontribuojn\u00eb n\u00eb funksionimin normal t\u00eb sistemit nervor<\/li>\n<li>Seleni, zinku dhe vitamina C kontribuojn\u00eb n\u00eb mbrojtjen e qelizave nga stresi oksidativ<\/li>\n<li>Kaliumi gjithashtu kontribuon n\u00eb ruajtjen e presionit normal t\u00eb gjakut dhe vitamina B1 n\u00eb funksionin normal t\u00eb zemr\u00ebs<\/li>\n<\/ul>\n<h4>Udh\u00ebzime mbi p\u00ebrdorimin<\/h4>\n<p class=\"swift-in-viewport\">Rekomandojm\u00eb marrjen e 1 bustine t\u00eb tretur n\u00eb nj\u00eb got\u00eb me uj\u00eb, nj\u00eb her\u00eb n\u00eb dit\u00eb.<\/p>\n","protected":false},"featured_media":2609,"comment_status":"open","ping_status":"closed","template":"","meta":[],"product_cat":[373,86],"product_tag":[],"jetpack_sharing_enabled":true,"_links":{"self":[{"href":"https:\/\/farmacibela.com\/index.php\/wp-json\/wp\/v2\/product\/2608"}],"collection":[{"href":"https:\/\/farmacibela.com\/index.php\/wp-json\/wp\/v2\/product"}],"about":[{"href":"https:\/\/farmacibela.com\/index.php\/wp-json\/wp\/v2\/types\/product"}],"replies":[{"embeddable":true,"href":"https:\/\/farmacibela.com\/index.php\/wp-json\/wp\/v2\/comments?post=2608"}],"version-history":[{"count":1,"href":"https:\/\/farmacibela.com\/index.php\/wp-json\/wp\/v2\/product\/2608\/revisions"}],"predecessor-version":[{"id":2610,"href":"https:\/\/farmacibela.com\/index.php\/wp-json\/wp\/v2\/product\/2608\/revisions\/2610"}],"wp:featuredmedia":[{"embeddable":true,"href":"https:\/\/farmacibela.com\/index.php\/wp-json\/wp\/v2\/media\/2609"}],"wp:attachment":[{"href":"https:\/\/farmacibela.com\/index.php\/wp-json\/wp\/v2\/media?parent=2608"}],"wp:term":[{"taxonomy":"product_cat","embeddable":true,"href":"https:\/\/farmacibela.com\/index.php\/wp-json\/wp\/v2\/product_cat?post=2608"},{"taxonomy":"product_tag","embeddable":true,"href":"https:\/\/farmacibela.com\/index.php\/wp-json\/wp\/v2\/product_tag?post=2608"}],"curies":[{"name":"wp","href":"https:\/\/api.w.org\/{rel}","templated":true}]}}