{"id":2586,"date":"2024-04-05T08:35:35","date_gmt":"2024-04-05T08:35:35","guid":{"rendered":"https:\/\/farmacibela.com\/?post_type=product&#038;p=2586"},"modified":"2024-04-05T08:35:35","modified_gmt":"2024-04-05T08:35:35","slug":"buona-buonavit-d3","status":"publish","type":"product","link":"https:\/\/farmacibela.com\/index.php\/product\/buona-buonavit-d3\/","title":{"rendered":"Buona \u2013 Buonavit D3"},"content":{"rendered":"","protected":false},"excerpt":{"rendered":"<p class=\"swift-in-viewport\"><em>BuonaVit D3<\/em>\u00a0\u00ebsht\u00eb nj\u00eb suplement dietik i vitamin\u00ebs D.<br \/>\nMarrja e vitamin\u00ebs D rekomandohet sidomos n\u00eb f\u00ebmij\u00ebrin\u00eb e hershme pasi\u00a0\u00ebsht\u00eb e domosdoshme p\u00ebr rritjen optimale t\u00eb kockave.<\/p>\n<p class=\"swift-in-viewport\">Vitamina D stimulon absorbimin e kal\u00e7iumit dhe fosforit n\u00eb zorr\u00eb dhe ndihmon n\u00eb mbajtjen e niveleve normale te kal\u00e7iumit n\u00eb gjak. Gjithashtu vitamina D ndihmon n\u00eb funksionimin normal t\u00eb sistemit imunitar.<\/p>\n<p class=\"swift-in-viewport\">P\u00ebr t\u00eb parandaluar rakitizmin dhe defi\u00e7ienc\u00ebn e vitamin\u00ebs D tek bebet, f\u00ebmij\u00ebt dhe adoleshent\u00ebt rekomandohet nj\u00eb doz\u00eb prej 400 IU vitamin\u00eb D q\u00eb nga muajt e par\u00eb t\u00eb jet\u00ebs.<\/p>\n<p class=\"swift-in-viewport\">N\u00eb ve\u00e7anti t\u00eb gjith\u00eb t\u00eb porsalindurit duhet t\u00eb marrin suplement vitamine D.<\/p>\n<h4>Udh\u00ebzime mbi p\u00ebrdorimin<\/h4>\n<p class=\"swift-in-viewport\">Doza e rekomanduar\u00a0\u00ebsht\u00eb 4 pika nj\u00eb her\u00eb n\u00eb dit\u00eb, ekuivalenti i 10 mikrogram (400 IU) vitamin\u00eb D3. Mund t\u00eb merret dhe doz\u00eb e ndryshme n\u00eb baz\u00eb t\u00eb rekomandimit t\u00eb mjekut.<\/p>\n<p class=\"swift-in-viewport\">P\u00ebrdorni pikatoren e p\u00ebrfshir\u00eb n\u00eb paketim.\u00a0\u00c7do pik\u00eb p\u00ebrmban 100 IU vitamin\u00eb D3.<br \/>\n<strong>Tunde mir\u00eb p\u00ebrpara se ta p\u00ebrdor\u00ebsh.<\/strong><\/p>\n","protected":false},"featured_media":2587,"comment_status":"open","ping_status":"closed","template":"","meta":[],"product_cat":[274,82,287],"product_tag":[],"jetpack_sharing_enabled":true,"_links":{"self":[{"href":"https:\/\/farmacibela.com\/index.php\/wp-json\/wp\/v2\/product\/2586"}],"collection":[{"href":"https:\/\/farmacibela.com\/index.php\/wp-json\/wp\/v2\/product"}],"about":[{"href":"https:\/\/farmacibela.com\/index.php\/wp-json\/wp\/v2\/types\/product"}],"replies":[{"embeddable":true,"href":"https:\/\/farmacibela.com\/index.php\/wp-json\/wp\/v2\/comments?post=2586"}],"version-history":[{"count":1,"href":"https:\/\/farmacibela.com\/index.php\/wp-json\/wp\/v2\/product\/2586\/revisions"}],"predecessor-version":[{"id":2588,"href":"https:\/\/farmacibela.com\/index.php\/wp-json\/wp\/v2\/product\/2586\/revisions\/2588"}],"wp:featuredmedia":[{"embeddable":true,"href":"https:\/\/farmacibela.com\/index.php\/wp-json\/wp\/v2\/media\/2587"}],"wp:attachment":[{"href":"https:\/\/farmacibela.com\/index.php\/wp-json\/wp\/v2\/media?parent=2586"}],"wp:term":[{"taxonomy":"product_cat","embeddable":true,"href":"https:\/\/farmacibela.com\/index.php\/wp-json\/wp\/v2\/product_cat?post=2586"},{"taxonomy":"product_tag","embeddable":true,"href":"https:\/\/farmacibela.com\/index.php\/wp-json\/wp\/v2\/product_tag?post=2586"}],"curies":[{"name":"wp","href":"https:\/\/api.w.org\/{rel}","templated":true}]}}